{"id":9913,"date":"2024-09-30T14:16:18","date_gmt":"2024-09-30T12:16:18","guid":{"rendered":"https:\/\/www.casanaute.fr\/boutique\/shop\/lave-linge-beko-capacite-xxl-9kg-ja15-r-lwri6\/"},"modified":"2024-09-30T14:16:18","modified_gmt":"2024-09-30T12:16:18","slug":"lave-linge-beko-capacite-xxl-9kg-ja15-r-lwri6","status":"publish","type":"product","link":"https:\/\/www.casanaute.fr\/boutique\/shop\/lave-linge-beko-capacite-xxl-9kg-ja15-r-lwri6\/","title":{"rendered":"Lave linge Beko Capacit\u00e9 XXL 9kg [JA15-R-LWRI6]"},"content":{"rendered":"<h2>La solution moderne pour un linge impeccable<\/h2>\n<p>Optimisez votre espace et gagnez du temps avec ce lave-linge s\u00e9chant \u00e0 hublot. Ses dimensions compactes de 60 x 84.5 x 57 cm et sa capacit\u00e9 de 8kg en font un choix id\u00e9al pour les familles modernes.<\/p>\n<h2>Performance et efficacit\u00e9<\/h2>\n<ul>\n<li><strong>Capacit\u00e9 de Lavage :<\/strong> 8kg<\/li>\n<li><strong>Dimensions :<\/strong> 60 x 84.5 x 57 cm<\/li>\n<\/ul>\n<p>Profitez des derni\u00e8res technologies BEKO pour un soin du linge optimal :<\/p>\n<ol>\n<li>Programmes vari\u00e9s adapt\u00e9s \u00e0 tous types de tissus.<\/li>\n<li>Technologie de s\u00e9chage avanc\u00e9e pour des r\u00e9sultats impeccables.<\/li>\n<li>\u00c9conomie d&rsquo;\u00e9nergie gr\u00e2ce \u00e0 des cycles optimis\u00e9s.<\/li>\n<\/ol>\n<h2>Facilit\u00e9 d&rsquo;utilisation<\/h2>\n<ul>\n<li>\u00c9cran digital avec interface intuitive<\/li>\n<li>Programmation diff\u00e9r\u00e9e pour s\u2019adapter \u00e0 votre emploi du temps<\/li>\n<li>Fonction anti-froissage pour un linge toujours pr\u00eat \u00e0 \u00eatre port\u00e9<\/li>\n<\/ul>\n<p>Transformez votre routine quotidienne avec ce lave-linge s\u00e9chant performant et compact, con\u00e7u pour satisfaire les besoins de toute la famille.<\/p>\n","protected":false},"excerpt":{"rendered":"<p>La solution moderne pour un linge impeccable Optimisez votre espace et gagnez du temps avec ce lave-linge s\u00e9chant \u00e0 hublot. Ses dimensions compactes de 60 x 84.5 x 57 cm et sa capacit\u00e9 de 8kg en font un choix id\u00e9al pour les familles modernes. Performance et efficacit\u00e9 Capacit\u00e9 de Lavage : 8kg Dimensions : 60 [&hellip;]<\/p>\n","protected":false},"featured_media":9912,"comment_status":"open","ping_status":"closed","template":"","meta":[],"product_cat":[94],"product_tag":[],"class_list":{"0":"post-9913","1":"product","2":"type-product","3":"status-publish","4":"has-post-thumbnail","6":"product_cat-lave-linge-sechant","8":"first","9":"instock","10":"shipping-taxable","11":"purchasable","12":"product-type-simple"},"yoast_head":"<!-- This site is optimized with the Yoast SEO plugin v23.5 - https:\/\/yoast.com\/wordpress\/plugins\/seo\/ -->\n<title>Lave linge Beko Capacit\u00e9 XXL 9kg [JA15-R-LWRI6] - Lave-Linge pour la maison<\/title>\n<meta name=\"robots\" content=\"index, follow, max-snippet:-1, max-image-preview:large, max-video-preview:-1\" \/>\n<link rel=\"canonical\" href=\"https:\/\/www.casanaute.fr\/boutique\/shop\/lave-linge-beko-capacite-xxl-9kg-ja15-r-lwri6\/\" \/>\n<meta property=\"og:locale\" content=\"fr_FR\" \/>\n<meta property=\"og:type\" content=\"article\" \/>\n<meta property=\"og:title\" content=\"Lave linge Beko Capacit\u00e9 XXL 9kg [JA15-R-LWRI6] - Lave-Linge pour la maison\" \/>\n<meta property=\"og:description\" content=\"La solution moderne pour un linge impeccable Optimisez votre espace et gagnez du temps avec ce lave-linge s\u00e9chant \u00e0 hublot. Ses dimensions compactes de 60 x 84.5 x 57 cm et sa capacit\u00e9 de 8kg en font un choix id\u00e9al pour les familles modernes. Performance et efficacit\u00e9 Capacit\u00e9 de Lavage : 8kg Dimensions : 60 [&hellip;]\" \/>\n<meta property=\"og:url\" content=\"https:\/\/www.casanaute.fr\/boutique\/shop\/lave-linge-beko-capacite-xxl-9kg-ja15-r-lwri6\/\" \/>\n<meta property=\"og:site_name\" content=\"Lave-Linge pour la maison\" \/>\n<meta name=\"twitter:card\" content=\"summary_large_image\" \/>\n<meta name=\"twitter:label1\" content=\"Dur\u00e9e de lecture estim\u00e9e\" \/>\n\t<meta name=\"twitter:data1\" content=\"1 minute\" \/>\n<script type=\"application\/ld+json\" class=\"yoast-schema-graph\">{\"@context\":\"https:\/\/schema.org\",\"@graph\":[{\"@type\":\"WebPage\",\"@id\":\"https:\/\/www.casanaute.fr\/boutique\/shop\/lave-linge-beko-capacite-xxl-9kg-ja15-r-lwri6\/\",\"url\":\"https:\/\/www.casanaute.fr\/boutique\/shop\/lave-linge-beko-capacite-xxl-9kg-ja15-r-lwri6\/\",\"name\":\"Lave linge Beko Capacit\u00e9 XXL 9kg [JA15-R-LWRI6] - Lave-Linge pour la maison\",\"isPartOf\":{\"@id\":\"https:\/\/www.casanaute.fr\/boutique\/#website\"},\"primaryImageOfPage\":{\"@id\":\"https:\/\/www.casanaute.fr\/boutique\/shop\/lave-linge-beko-capacite-xxl-9kg-ja15-r-lwri6\/#primaryimage\"},\"image\":{\"@id\":\"https:\/\/www.casanaute.fr\/boutique\/shop\/lave-linge-beko-capacite-xxl-9kg-ja15-r-lwri6\/#primaryimage\"},\"thumbnailUrl\":\"https:\/\/www.casanaute.fr\/boutique\/wp-content\/uploads\/2024\/09\/359-Photoroom-2.jpg\",\"datePublished\":\"2024-09-30T12:16:18+00:00\",\"dateModified\":\"2024-09-30T12:16:18+00:00\",\"breadcrumb\":{\"@id\":\"https:\/\/www.casanaute.fr\/boutique\/shop\/lave-linge-beko-capacite-xxl-9kg-ja15-r-lwri6\/#breadcrumb\"},\"inLanguage\":\"fr-FR\",\"potentialAction\":[{\"@type\":\"ReadAction\",\"target\":[\"https:\/\/www.casanaute.fr\/boutique\/shop\/lave-linge-beko-capacite-xxl-9kg-ja15-r-lwri6\/\"]}]},{\"@type\":\"ImageObject\",\"inLanguage\":\"fr-FR\",\"@id\":\"https:\/\/www.casanaute.fr\/boutique\/shop\/lave-linge-beko-capacite-xxl-9kg-ja15-r-lwri6\/#primaryimage\",\"url\":\"https:\/\/www.casanaute.fr\/boutique\/wp-content\/uploads\/2024\/09\/359-Photoroom-2.jpg\",\"contentUrl\":\"https:\/\/www.casanaute.fr\/boutique\/wp-content\/uploads\/2024\/09\/359-Photoroom-2.jpg\",\"width\":1900,\"height\":1900},{\"@type\":\"BreadcrumbList\",\"@id\":\"https:\/\/www.casanaute.fr\/boutique\/shop\/lave-linge-beko-capacite-xxl-9kg-ja15-r-lwri6\/#breadcrumb\",\"itemListElement\":[{\"@type\":\"ListItem\",\"position\":1,\"name\":\"Home\",\"item\":\"https:\/\/www.casanaute.fr\/boutique\/\"},{\"@type\":\"ListItem\",\"position\":2,\"name\":\"Boutique\",\"item\":\"https:\/\/www.casanaute.fr\/boutique\/shop\/\"},{\"@type\":\"ListItem\",\"position\":3,\"name\":\"Lave linge Beko Capacit\u00e9 XXL 9kg [JA15-R-LWRI6]\"}]},{\"@type\":\"WebSite\",\"@id\":\"https:\/\/www.casanaute.fr\/boutique\/#website\",\"url\":\"https:\/\/www.casanaute.fr\/boutique\/\",\"name\":\"Hotte Discount\",\"description\":\"\",\"potentialAction\":[{\"@type\":\"SearchAction\",\"target\":{\"@type\":\"EntryPoint\",\"urlTemplate\":\"https:\/\/www.casanaute.fr\/boutique\/?s={search_term_string}\"},\"query-input\":{\"@type\":\"PropertyValueSpecification\",\"valueRequired\":true,\"valueName\":\"search_term_string\"}}],\"inLanguage\":\"fr-FR\"}]}<\/script>\n<!-- \/ Yoast SEO plugin. -->","yoast_head_json":{"title":"Lave linge Beko Capacit\u00e9 XXL 9kg [JA15-R-LWRI6] - Lave-Linge pour la maison","robots":{"index":"index","follow":"follow","max-snippet":"max-snippet:-1","max-image-preview":"max-image-preview:large","max-video-preview":"max-video-preview:-1"},"canonical":"https:\/\/www.casanaute.fr\/boutique\/shop\/lave-linge-beko-capacite-xxl-9kg-ja15-r-lwri6\/","og_locale":"fr_FR","og_type":"article","og_title":"Lave linge Beko Capacit\u00e9 XXL 9kg [JA15-R-LWRI6] - Lave-Linge pour la maison","og_description":"La solution moderne pour un linge impeccable Optimisez votre espace et gagnez du temps avec ce lave-linge s\u00e9chant \u00e0 hublot. Ses dimensions compactes de 60 x 84.5 x 57 cm et sa capacit\u00e9 de 8kg en font un choix id\u00e9al pour les familles modernes. Performance et efficacit\u00e9 Capacit\u00e9 de Lavage : 8kg Dimensions : 60 [&hellip;]","og_url":"https:\/\/www.casanaute.fr\/boutique\/shop\/lave-linge-beko-capacite-xxl-9kg-ja15-r-lwri6\/","og_site_name":"Lave-Linge pour la maison","twitter_card":"summary_large_image","twitter_misc":{"Dur\u00e9e de lecture estim\u00e9e":"1 minute"},"schema":{"@context":"https:\/\/schema.org","@graph":[{"@type":"WebPage","@id":"https:\/\/www.casanaute.fr\/boutique\/shop\/lave-linge-beko-capacite-xxl-9kg-ja15-r-lwri6\/","url":"https:\/\/www.casanaute.fr\/boutique\/shop\/lave-linge-beko-capacite-xxl-9kg-ja15-r-lwri6\/","name":"Lave linge Beko Capacit\u00e9 XXL 9kg [JA15-R-LWRI6] - Lave-Linge pour la maison","isPartOf":{"@id":"https:\/\/www.casanaute.fr\/boutique\/#website"},"primaryImageOfPage":{"@id":"https:\/\/www.casanaute.fr\/boutique\/shop\/lave-linge-beko-capacite-xxl-9kg-ja15-r-lwri6\/#primaryimage"},"image":{"@id":"https:\/\/www.casanaute.fr\/boutique\/shop\/lave-linge-beko-capacite-xxl-9kg-ja15-r-lwri6\/#primaryimage"},"thumbnailUrl":"https:\/\/www.casanaute.fr\/boutique\/wp-content\/uploads\/2024\/09\/359-Photoroom-2.jpg","datePublished":"2024-09-30T12:16:18+00:00","dateModified":"2024-09-30T12:16:18+00:00","breadcrumb":{"@id":"https:\/\/www.casanaute.fr\/boutique\/shop\/lave-linge-beko-capacite-xxl-9kg-ja15-r-lwri6\/#breadcrumb"},"inLanguage":"fr-FR","potentialAction":[{"@type":"ReadAction","target":["https:\/\/www.casanaute.fr\/boutique\/shop\/lave-linge-beko-capacite-xxl-9kg-ja15-r-lwri6\/"]}]},{"@type":"ImageObject","inLanguage":"fr-FR","@id":"https:\/\/www.casanaute.fr\/boutique\/shop\/lave-linge-beko-capacite-xxl-9kg-ja15-r-lwri6\/#primaryimage","url":"https:\/\/www.casanaute.fr\/boutique\/wp-content\/uploads\/2024\/09\/359-Photoroom-2.jpg","contentUrl":"https:\/\/www.casanaute.fr\/boutique\/wp-content\/uploads\/2024\/09\/359-Photoroom-2.jpg","width":1900,"height":1900},{"@type":"BreadcrumbList","@id":"https:\/\/www.casanaute.fr\/boutique\/shop\/lave-linge-beko-capacite-xxl-9kg-ja15-r-lwri6\/#breadcrumb","itemListElement":[{"@type":"ListItem","position":1,"name":"Home","item":"https:\/\/www.casanaute.fr\/boutique\/"},{"@type":"ListItem","position":2,"name":"Boutique","item":"https:\/\/www.casanaute.fr\/boutique\/shop\/"},{"@type":"ListItem","position":3,"name":"Lave linge Beko Capacit\u00e9 XXL 9kg [JA15-R-LWRI6]"}]},{"@type":"WebSite","@id":"https:\/\/www.casanaute.fr\/boutique\/#website","url":"https:\/\/www.casanaute.fr\/boutique\/","name":"Hotte Discount","description":"","potentialAction":[{"@type":"SearchAction","target":{"@type":"EntryPoint","urlTemplate":"https:\/\/www.casanaute.fr\/boutique\/?s={search_term_string}"},"query-input":{"@type":"PropertyValueSpecification","valueRequired":true,"valueName":"search_term_string"}}],"inLanguage":"fr-FR"}]}},"_links":{"self":[{"href":"https:\/\/www.casanaute.fr\/boutique\/wp-json\/wp\/v2\/product\/9913","targetHints":{"allow":["GET"]}}],"collection":[{"href":"https:\/\/www.casanaute.fr\/boutique\/wp-json\/wp\/v2\/product"}],"about":[{"href":"https:\/\/www.casanaute.fr\/boutique\/wp-json\/wp\/v2\/types\/product"}],"replies":[{"embeddable":true,"href":"https:\/\/www.casanaute.fr\/boutique\/wp-json\/wp\/v2\/comments?post=9913"}],"wp:featuredmedia":[{"embeddable":true,"href":"https:\/\/www.casanaute.fr\/boutique\/wp-json\/wp\/v2\/media\/9912"}],"wp:attachment":[{"href":"https:\/\/www.casanaute.fr\/boutique\/wp-json\/wp\/v2\/media?parent=9913"}],"wp:term":[{"taxonomy":"product_cat","embeddable":true,"href":"https:\/\/www.casanaute.fr\/boutique\/wp-json\/wp\/v2\/product_cat?post=9913"},{"taxonomy":"product_tag","embeddable":true,"href":"https:\/\/www.casanaute.fr\/boutique\/wp-json\/wp\/v2\/product_tag?post=9913"}],"curies":[{"name":"wp","href":"https:\/\/api.w.org\/{rel}","templated":true}]}}