{"id":9871,"date":"2024-09-30T14:15:07","date_gmt":"2024-09-30T12:15:07","guid":{"rendered":"https:\/\/www.casanaute.fr\/boutique\/shop\/lave-linge-essentielb-eco-r1h5-6y1-0so\/"},"modified":"2024-09-30T14:15:07","modified_gmt":"2024-09-30T12:15:07","slug":"lave-linge-essentielb-eco-r1h5-6y1-0so","status":"publish","type":"product","link":"https:\/\/www.casanaute.fr\/boutique\/shop\/lave-linge-essentielb-eco-r1h5-6y1-0so\/","title":{"rendered":"Lave linge Essentielb Eco+ [R1H5-6Y1-0SO]"},"content":{"rendered":"<h2>Lave-linge hublot avec grande capacit\u00e9 et design compact<\/h2>\n<p>D\u00e9couvrez un lave-linge hublot alliant performance et praticit\u00e9.<\/p>\n<p><strong>Capacit\u00e9 Standard<\/strong><\/p>\n<p>Avec une capacit\u00e9 de 8kg, ce lave-linge est id\u00e9al pour les familles et permet de laver de grandes quantit\u00e9s de linge en une seule fois.<\/p>\n<p><strong>Dimensions Optimales<\/strong><\/p>\n<ul>\n<li>Largeur : 59.7 cm<\/li>\n<li>Hauteur : 84.5 cm<\/li>\n<li>Profondeur : 52.7 cm<\/li>\n<\/ul>\n<p><strong>Performance et Efficacit\u00e9<\/strong><\/p>\n<p>Profitez de cycles de lavage rapides et efficaces, con\u00e7us pour prot\u00e9ger vos tissus tout en assurant une propret\u00e9 optimale.<\/p>\n<p><strong>Caract\u00e9ristiques Techniques<\/strong><\/p>\n<ul>\n<li>Vitesse d&rsquo;essorage max : 1400 tr\/min<\/li>\n<li>Classe \u00e9nerg\u00e9tique : A+++<\/li>\n<li>Consommation d&rsquo;eau par cycle : 48L<\/li>\n<li>Technologie anti-vibration pour un fonctionnement silencieux<\/li>\n<\/ul>\n<p>Faites le choix de la qualit\u00e9 et de la durabilit\u00e9 avec ce lave-linge performant, adapt\u00e9 \u00e0 tous vos besoins quotidiens.<\/p>\n","protected":false},"excerpt":{"rendered":"<p>Lave-linge hublot avec grande capacit\u00e9 et design compact D\u00e9couvrez un lave-linge hublot alliant performance et praticit\u00e9. Capacit\u00e9 Standard Avec une capacit\u00e9 de 8kg, ce lave-linge est id\u00e9al pour les familles et permet de laver de grandes quantit\u00e9s de linge en une seule fois. Dimensions Optimales Largeur : 59.7 cm Hauteur : 84.5 cm Profondeur : [&hellip;]<\/p>\n","protected":false},"featured_media":9870,"comment_status":"open","ping_status":"closed","template":"","meta":[],"product_cat":[93],"product_tag":[],"class_list":{"0":"post-9871","1":"product","2":"type-product","3":"status-publish","4":"has-post-thumbnail","6":"product_cat-lave-linge-hublot","8":"first","9":"instock","10":"shipping-taxable","11":"purchasable","12":"product-type-simple"},"yoast_head":"<!-- This site is optimized with the Yoast SEO plugin v23.5 - https:\/\/yoast.com\/wordpress\/plugins\/seo\/ -->\n<title>Lave linge Essentielb Eco+ [R1H5-6Y1-0SO] - Lave-Linge pour la maison<\/title>\n<meta name=\"robots\" content=\"index, follow, max-snippet:-1, max-image-preview:large, max-video-preview:-1\" \/>\n<link rel=\"canonical\" href=\"https:\/\/www.casanaute.fr\/boutique\/shop\/lave-linge-essentielb-eco-r1h5-6y1-0so\/\" \/>\n<meta property=\"og:locale\" content=\"fr_FR\" \/>\n<meta property=\"og:type\" content=\"article\" \/>\n<meta property=\"og:title\" content=\"Lave linge Essentielb Eco+ [R1H5-6Y1-0SO] - Lave-Linge pour la maison\" \/>\n<meta property=\"og:description\" content=\"Lave-linge hublot avec grande capacit\u00e9 et design compact D\u00e9couvrez un lave-linge hublot alliant performance et praticit\u00e9. Capacit\u00e9 Standard Avec une capacit\u00e9 de 8kg, ce lave-linge est id\u00e9al pour les familles et permet de laver de grandes quantit\u00e9s de linge en une seule fois. Dimensions Optimales Largeur : 59.7 cm Hauteur : 84.5 cm Profondeur : [&hellip;]\" \/>\n<meta property=\"og:url\" content=\"https:\/\/www.casanaute.fr\/boutique\/shop\/lave-linge-essentielb-eco-r1h5-6y1-0so\/\" \/>\n<meta property=\"og:site_name\" content=\"Lave-Linge pour la maison\" \/>\n<meta name=\"twitter:card\" content=\"summary_large_image\" \/>\n<meta name=\"twitter:label1\" content=\"Dur\u00e9e de lecture estim\u00e9e\" \/>\n\t<meta name=\"twitter:data1\" content=\"1 minute\" \/>\n<script type=\"application\/ld+json\" class=\"yoast-schema-graph\">{\"@context\":\"https:\/\/schema.org\",\"@graph\":[{\"@type\":\"WebPage\",\"@id\":\"https:\/\/www.casanaute.fr\/boutique\/shop\/lave-linge-essentielb-eco-r1h5-6y1-0so\/\",\"url\":\"https:\/\/www.casanaute.fr\/boutique\/shop\/lave-linge-essentielb-eco-r1h5-6y1-0so\/\",\"name\":\"Lave linge Essentielb Eco+ [R1H5-6Y1-0SO] - Lave-Linge pour la maison\",\"isPartOf\":{\"@id\":\"https:\/\/www.casanaute.fr\/boutique\/#website\"},\"primaryImageOfPage\":{\"@id\":\"https:\/\/www.casanaute.fr\/boutique\/shop\/lave-linge-essentielb-eco-r1h5-6y1-0so\/#primaryimage\"},\"image\":{\"@id\":\"https:\/\/www.casanaute.fr\/boutique\/shop\/lave-linge-essentielb-eco-r1h5-6y1-0so\/#primaryimage\"},\"thumbnailUrl\":\"https:\/\/www.casanaute.fr\/boutique\/wp-content\/uploads\/2024\/09\/89-Photoroom-1.jpg\",\"datePublished\":\"2024-09-30T12:15:07+00:00\",\"dateModified\":\"2024-09-30T12:15:07+00:00\",\"breadcrumb\":{\"@id\":\"https:\/\/www.casanaute.fr\/boutique\/shop\/lave-linge-essentielb-eco-r1h5-6y1-0so\/#breadcrumb\"},\"inLanguage\":\"fr-FR\",\"potentialAction\":[{\"@type\":\"ReadAction\",\"target\":[\"https:\/\/www.casanaute.fr\/boutique\/shop\/lave-linge-essentielb-eco-r1h5-6y1-0so\/\"]}]},{\"@type\":\"ImageObject\",\"inLanguage\":\"fr-FR\",\"@id\":\"https:\/\/www.casanaute.fr\/boutique\/shop\/lave-linge-essentielb-eco-r1h5-6y1-0so\/#primaryimage\",\"url\":\"https:\/\/www.casanaute.fr\/boutique\/wp-content\/uploads\/2024\/09\/89-Photoroom-1.jpg\",\"contentUrl\":\"https:\/\/www.casanaute.fr\/boutique\/wp-content\/uploads\/2024\/09\/89-Photoroom-1.jpg\",\"width\":1900,\"height\":1900},{\"@type\":\"BreadcrumbList\",\"@id\":\"https:\/\/www.casanaute.fr\/boutique\/shop\/lave-linge-essentielb-eco-r1h5-6y1-0so\/#breadcrumb\",\"itemListElement\":[{\"@type\":\"ListItem\",\"position\":1,\"name\":\"Home\",\"item\":\"https:\/\/www.casanaute.fr\/boutique\/\"},{\"@type\":\"ListItem\",\"position\":2,\"name\":\"Boutique\",\"item\":\"https:\/\/www.casanaute.fr\/boutique\/shop\/\"},{\"@type\":\"ListItem\",\"position\":3,\"name\":\"Lave linge Essentielb Eco+ [R1H5-6Y1-0SO]\"}]},{\"@type\":\"WebSite\",\"@id\":\"https:\/\/www.casanaute.fr\/boutique\/#website\",\"url\":\"https:\/\/www.casanaute.fr\/boutique\/\",\"name\":\"Hotte Discount\",\"description\":\"\",\"potentialAction\":[{\"@type\":\"SearchAction\",\"target\":{\"@type\":\"EntryPoint\",\"urlTemplate\":\"https:\/\/www.casanaute.fr\/boutique\/?s={search_term_string}\"},\"query-input\":{\"@type\":\"PropertyValueSpecification\",\"valueRequired\":true,\"valueName\":\"search_term_string\"}}],\"inLanguage\":\"fr-FR\"}]}<\/script>\n<!-- \/ Yoast SEO plugin. -->","yoast_head_json":{"title":"Lave linge Essentielb Eco+ [R1H5-6Y1-0SO] - Lave-Linge pour la maison","robots":{"index":"index","follow":"follow","max-snippet":"max-snippet:-1","max-image-preview":"max-image-preview:large","max-video-preview":"max-video-preview:-1"},"canonical":"https:\/\/www.casanaute.fr\/boutique\/shop\/lave-linge-essentielb-eco-r1h5-6y1-0so\/","og_locale":"fr_FR","og_type":"article","og_title":"Lave linge Essentielb Eco+ [R1H5-6Y1-0SO] - Lave-Linge pour la maison","og_description":"Lave-linge hublot avec grande capacit\u00e9 et design compact D\u00e9couvrez un lave-linge hublot alliant performance et praticit\u00e9. Capacit\u00e9 Standard Avec une capacit\u00e9 de 8kg, ce lave-linge est id\u00e9al pour les familles et permet de laver de grandes quantit\u00e9s de linge en une seule fois. Dimensions Optimales Largeur : 59.7 cm Hauteur : 84.5 cm Profondeur : [&hellip;]","og_url":"https:\/\/www.casanaute.fr\/boutique\/shop\/lave-linge-essentielb-eco-r1h5-6y1-0so\/","og_site_name":"Lave-Linge pour la maison","twitter_card":"summary_large_image","twitter_misc":{"Dur\u00e9e de lecture estim\u00e9e":"1 minute"},"schema":{"@context":"https:\/\/schema.org","@graph":[{"@type":"WebPage","@id":"https:\/\/www.casanaute.fr\/boutique\/shop\/lave-linge-essentielb-eco-r1h5-6y1-0so\/","url":"https:\/\/www.casanaute.fr\/boutique\/shop\/lave-linge-essentielb-eco-r1h5-6y1-0so\/","name":"Lave linge Essentielb Eco+ [R1H5-6Y1-0SO] - Lave-Linge pour la maison","isPartOf":{"@id":"https:\/\/www.casanaute.fr\/boutique\/#website"},"primaryImageOfPage":{"@id":"https:\/\/www.casanaute.fr\/boutique\/shop\/lave-linge-essentielb-eco-r1h5-6y1-0so\/#primaryimage"},"image":{"@id":"https:\/\/www.casanaute.fr\/boutique\/shop\/lave-linge-essentielb-eco-r1h5-6y1-0so\/#primaryimage"},"thumbnailUrl":"https:\/\/www.casanaute.fr\/boutique\/wp-content\/uploads\/2024\/09\/89-Photoroom-1.jpg","datePublished":"2024-09-30T12:15:07+00:00","dateModified":"2024-09-30T12:15:07+00:00","breadcrumb":{"@id":"https:\/\/www.casanaute.fr\/boutique\/shop\/lave-linge-essentielb-eco-r1h5-6y1-0so\/#breadcrumb"},"inLanguage":"fr-FR","potentialAction":[{"@type":"ReadAction","target":["https:\/\/www.casanaute.fr\/boutique\/shop\/lave-linge-essentielb-eco-r1h5-6y1-0so\/"]}]},{"@type":"ImageObject","inLanguage":"fr-FR","@id":"https:\/\/www.casanaute.fr\/boutique\/shop\/lave-linge-essentielb-eco-r1h5-6y1-0so\/#primaryimage","url":"https:\/\/www.casanaute.fr\/boutique\/wp-content\/uploads\/2024\/09\/89-Photoroom-1.jpg","contentUrl":"https:\/\/www.casanaute.fr\/boutique\/wp-content\/uploads\/2024\/09\/89-Photoroom-1.jpg","width":1900,"height":1900},{"@type":"BreadcrumbList","@id":"https:\/\/www.casanaute.fr\/boutique\/shop\/lave-linge-essentielb-eco-r1h5-6y1-0so\/#breadcrumb","itemListElement":[{"@type":"ListItem","position":1,"name":"Home","item":"https:\/\/www.casanaute.fr\/boutique\/"},{"@type":"ListItem","position":2,"name":"Boutique","item":"https:\/\/www.casanaute.fr\/boutique\/shop\/"},{"@type":"ListItem","position":3,"name":"Lave linge Essentielb Eco+ [R1H5-6Y1-0SO]"}]},{"@type":"WebSite","@id":"https:\/\/www.casanaute.fr\/boutique\/#website","url":"https:\/\/www.casanaute.fr\/boutique\/","name":"Hotte Discount","description":"","potentialAction":[{"@type":"SearchAction","target":{"@type":"EntryPoint","urlTemplate":"https:\/\/www.casanaute.fr\/boutique\/?s={search_term_string}"},"query-input":{"@type":"PropertyValueSpecification","valueRequired":true,"valueName":"search_term_string"}}],"inLanguage":"fr-FR"}]}},"_links":{"self":[{"href":"https:\/\/www.casanaute.fr\/boutique\/wp-json\/wp\/v2\/product\/9871","targetHints":{"allow":["GET"]}}],"collection":[{"href":"https:\/\/www.casanaute.fr\/boutique\/wp-json\/wp\/v2\/product"}],"about":[{"href":"https:\/\/www.casanaute.fr\/boutique\/wp-json\/wp\/v2\/types\/product"}],"replies":[{"embeddable":true,"href":"https:\/\/www.casanaute.fr\/boutique\/wp-json\/wp\/v2\/comments?post=9871"}],"wp:featuredmedia":[{"embeddable":true,"href":"https:\/\/www.casanaute.fr\/boutique\/wp-json\/wp\/v2\/media\/9870"}],"wp:attachment":[{"href":"https:\/\/www.casanaute.fr\/boutique\/wp-json\/wp\/v2\/media?parent=9871"}],"wp:term":[{"taxonomy":"product_cat","embeddable":true,"href":"https:\/\/www.casanaute.fr\/boutique\/wp-json\/wp\/v2\/product_cat?post=9871"},{"taxonomy":"product_tag","embeddable":true,"href":"https:\/\/www.casanaute.fr\/boutique\/wp-json\/wp\/v2\/product_tag?post=9871"}],"curies":[{"name":"wp","href":"https:\/\/api.w.org\/{rel}","templated":true}]}}